*y + 22. Let s be t(-8). Let w(d) = -2 + d - s*d - 2. What is w(-3)?
11
Suppose s + 13 = -2*k, 2*s + k = -0*s - 11. Let f be 1/((-4)/1 - s). Let a(n) = -17*n - 1. Give a(f).
16
Let q(z) = 10*z**3 + z**2 - z. Suppose -7*v - 466 = -473. Give q(v).
10
Let k(z) = -5*z**2 + 7*z - 6. Let r(b) = b**2 - 2*b + 1. Let p(v) = k(v) + 6*r(v). Suppose 2*s - 5*x - 10 = -3*x, -s + 4*x = -2. Determine p(s).
6
Suppose 13 = -4*p + 25. Let t(u) = -2*u**2 - 5*u**2 - 2*u**3 + p*u**3 - 2*u - 5 + u**2. Let k(y) = 7*y**2 - y - 2. Let i be k(-1). Determine t(i).
-17
Let a(c) = c**3 + 5*c**2 + 2*c - 5. Let h be 268*6/(-54) + 4/(-18). Let o be (h/24)/(1/4). What is a(o)?
-15
Suppose s + 15*t = 12*t + 2, 2*s + 2*t - 8 = 0. Let w(r) = r**3 - 6*r**2 + 4*r - 1. Calculate w(s).
-6
Let f(i) = -i**3 + 5*i**2 - 4*i + 3. Let c be 19/2 - (-5)/10. Suppose 0 = -3*z + c - 1. What is f(z)?
9
Suppose 4*t - 24 = -0*t - 4*f, 0 = -3*t + f + 2. Suppose 0*x = -t*x. Let u(d) = -d - 9. Determine u(x).
-9
Let k be 1 + (-4)/((-4)/(-3)). Let d be (5/60*-9)/((-3)/4). Let r(j) = 3*j + j - d + 2 - 2*j. Determine r(k).
-3
Let d = 258 + -264. Let x(o) = -o**2 - 8*o - 3. Determine x(d).
9
Let b(r) be the first derivative of r**2/2 + 4*r - 150. Give b(8).
12
Suppose 0 = -5*q + r + 28, 4*q - 2*r = 3 + 23. Suppose q*p - 4*g - 25 = 0, -4*p + 10 = -2*p - 3*g. Let l(v) = -p + 4 + 3*v - 1. What is l(2)?
4
Let r(b) = b + 5. Let g(k) = -k - 4. Let m(a) = 5*g(a) + 4*r(a). Let x(l) = 5*l - 6. Let o(d) = 4*m(d) + x(d). Give o(12).
6
Let n(l) = -l**2 + 3*l + 3. Let j = 58 - 52. Suppose 0 = m + 2*u - j, -u + 3 + 7 = -3*m. What is n(m)?
-7
Let j(k) = k**2 + 10*k - 6. Let y(r) = -r**3 - 4*r**2 + 6*r + 9. Let c = 57 - 59. Let l be y(c). What is j(l)?
5
Let a(f) be the second derivative of 1/2*f**2 + 0*f**3 + 7/20*f**5 + 0 - 1/6*f**4 - 16*f. Let i = -2 - -1. What is a(i)?
-8
Let j(m) = -19*m**2 - 44*m - 2. Let n(f) = -7*f**2 - 15*f. Let x(q) = 3*j(q) - 8*n(q). Calculate x(-11).
5
Let b be ((-1)/(-2))/((-2)/(-4)). Suppose -b - 3 = 2*z. Let v(y) = -7*y**2 + 12*y**2 - y**3 + 0*y**3 - 2*y - 10*y**2. What is v(z)?
-8
Let v(o) = o**2 + o + 6. Suppose 9*z - 8*z - 7 = 0. Suppose 0 = 3*k - z*k. Give v(k).
6
Let c(m) = 123*m - 246*m - 22 + 7 + 126*m - 5. Calculate c(8).
4
Let x(f) be the first derivative of 7*f**4/4 - f**3/3 + f**2/2 + 101. What is x(1)?
7
Let q be (-48)/(-28)*(-7)/(-2). Suppose i - 2*p = q, -5*p + 16 = -4. Suppose -4*k - i = 18. Let w(b) = b**2 + 9*b + 7. What is w(k)?
-1
Let b(l) = 2*l - 1. Let t(u) = -7*u + 3. Let y(g) = -17*b(g) - 6*t(g). Suppose 2*f = p - 1, 0 = -6*f + 3*f. Calculate y(p).
7
Let p(q) = 8*q + 9. Let j(b) = -13*b - 17. Let s(w) = -3*j(w) - 5*p(w). Give s(11).
-5
Let t(v) = 20*v. Let i(u) = -u + 8. Suppose 4*q = -5*f - 5 + 43, -5*f + 44 = 2*q. Let m = f - 3. Let l be i(m). Give t(l).
20
Let l be (3/(-2))/(1*24/128). Let m(i) = i**2 + 13*i + 12. What is m(l)?
-28
Let x(m) = -11*m - 23. Let u(a) = 7*a + 15. Let b(k) = 8*u(k) + 5*x(k). Suppose -270*p + 261*p = 90. What is b(p)?
-5
Let n = 6 + -11. Let p(b) be the third derivative of b**5/60 + b**4/8 - b**3/3 + 5*b**2. Give p(n).
8
Let x be 3/5 + (-51)/(-15). Suppose w + 0 = -3*g + 4, -x*w + 16 = -g. Let q be -6 + (2 - w) + 4. Let b(t) = -t**2 - 3*t - 1. What is b(q)?
-5
Let z be ((-9)/2)/(21/(-28)). Let h(k) = 6*k**2 + 3*k - 3. Let x(u) = u**3 + u**2 - 2*u + 1. Let q(t) = h(t) - x(t). What is q(z)?
-10
Suppose 2*m + 5 - 9 = 0. Let r(s) = 3*s - 3*s - m*s + 4*s. What is r(-3)?
-6
Let z = -102 + 108. Let x(y) = -y**3 + 8*y**2 - 8*y + 7. Determine x(z).
31
Let n(r) = r**2 - 6*r - 8. Let y(d) = -3*d**2 + 17*d + 23. Let f(b) = -2*b - 2. Let h be f(-3). Let x = -19 + 30. Let q(p) = h*y(p) + x*n(p). Calculate q(4).
-4
Let m(f) = 2*f - 44. Let s be m(0). Let g = -41 - s. Let j(o) = -2 + 1 + 7*o - 4*o. Give j(g).
8
Let l = 101 - 55. Suppose -4*b - 42 = -l. Let u(k) = -5*k. Determine u(b).
-5
Let d(q) = -5*q**3 + 3*q**2 - 6*q - 9. Let b(m) = -7*m**3 + 3*m**2 - 7*m - 11. Let n(p) = -3*b(p) + 4*d(p). What is n(-2)?
7
Let d be 2 + 44/(-11) + -4. Let k(p) = 2*p - 4. Calculate k(d).
-16
Let x(i) be the first derivative of 0*i + 1/3*i**3 - 1/8*i**4 + 5 - 3*i**2. Let w(c) be the second derivative of x(c). Calculate w(4).
-10
Suppose -66*r - 14 = -68*r. Let p(m) = -4*m**2 + 4*m + m + 2 + 3*m**2. Determine p(r).
-12
Let f be ((-1)/2)/((-2)/24). Let h(o) be the first derivative of o**4/4 - 5*o**3/3 - 7*o**2/2 - 3*o + 967. Determine h(f).
-9
Suppose -4*i + 23 = -3*f, 15*i - 18 = 16*i + 4*f. Let x(z) be the third derivative of 0 + 2*z**i - 1/6*z**3 + 1/12*z**4 + 0*z + 1/60*z**5. Calculate x(-4).
7
Suppose 49 = 3*i + 4*i. Let x(j) = -6*j**2 - 2*j**2 + i*j**2. Determine x(-1).
-1
Let t(h) = -4 - 2 - 5*h + 3. Let g(l) = -3*l - 2. Let j(y) = 8*g(y) - 5*t(y). Suppose 0*w + w + 5 = 0. Give j(w).
-6
Let t(o) be the first derivative of o**4/4 - 7*o**3/3 + 3*o**2 + 534. Calculate t(6).
0
Let t(v) be the second derivative of v**3/6 + 3*v**2/2 - 206*v. Calculate t(3).
6
Suppose -7*n + 10*n + 42 = 0. Let h be 3/(-6) - (-35)/n. Let b(x) = x**2 + 2*x - 3. What is b(h)?
0
Let t(s) be the second derivative of 0 + 3/2*s**3 + 1/20*s**5 + 3/4*s**4 + 6*s**2 + 11*s. What is t(-8)?
4
Let c(f) be the third derivative of f**5/60 + 11*f**4/24 + 19*f**3/6 - 93*f**2. What is c(-8)?
-5
Let o(c) = c**2 + 3*c + 4. Let k be o(7). Let f = k + -61. Let w(x) = x**2 - 14*x + 9. What is w(f)?
-4
Let d(n) = -n**2 - 7*n - 9. Let z be (-1)/(-5) - (-82)/(-10). What is d(z)?
-17
Let i(r) = 5*r - 40. Let w = -1811 - -1820. Determine i(w).
5
Let n(q) = -15 + 15 + 7*q - 17. Calculate n(2).
-3
Let o(s) = s + 9. Let i(v) = 11. Let m(p) = -5*i(p) + 6*o(p). Calculate m(-9).
-55
Suppose 0 = 4*b - 30 - 94. Let a = b + -29. Let q(j) = j - a*j + 1 + 8*j + j**3 - 5*j + 3*j**2. Determine q(-1).
1
Let t(u) = u + 3. Let r be t(0). Let v = 7 - r. Let n(x) = 17*x - 35*x - 2*x**2 + 23*x + 0*x**2. What is n(v)?
-12
Let m(l) = l**2 + 2 - 3*l + 8*l - l**3 - 4*l. Suppose -3 = -q + 3*a, 5*a + 3 = q + 3*a. Let v be (-3)/((-9)/q)*-2. Give m(v).
12
Let u(a) = -4*a**2 + 0*a**2 - 7*a + 3 + 2*a. Let j(t) = 5 + 2 - 24*t + 13*t - 9*t**2. Let b(d) = -3*j(d) + 7*u(d). Calculate b(-3).
-3
Let q(f) = -1. Let z(u) = 15*u + 13. Let r(w) = 10*w + 9. Let o(i) = -7*r(i) + 5*z(i). Let k(s) = -o(s) + 2*q(s). What is k(-3)?
11
Let o(p) be the first derivative of -2*p**3 - p**2/2 + 26. What is o(1)?
-7
Let k be (3/(-15))/(62/(-155)). Let a(t) be the second derivative of 0 - k*t**2 - 1/2*t**3 + 9*t. Calculate a(-2).
5
Let x(w) be the second derivative of -2*w**3/3 - 7*w**2/2 + 3*w + 11. Determine x(8).
-39
Let r(j) = j**3 + j**2 - j + 4. Let y(x) = -200*x - 603. Let f be y(-3). Determine r(f).
-11
Suppose -21 + 9 = -3*q. Suppose -9 = -2*y - 3*a + q, -4*a = 4. Let b(n) = -n**3 + 7*n**2 + 7*n + 5. What is b(y)?
-3
Suppose -5*z = -5*h - 100, z - 62 = -2*z + h. Let t(c) = -z*c**2 - c + c**3 + 0*c**3 + 2 + 19*c**2 + 2*c. What is t(2)?
4
Let s(y) = -y**3 - y**2 + 5*y + 4. Let m be (3/(-5))/((-7 + 5)/(-10)). Determine s(m).
7
Let t(y) = -y + 21. Let i be t(18). Let s(o) = 4 + o**2 + o**2 - 3*o**2 + 4*o**2 - o**i - 3*o. Let g be (0 - 1)*(0 + -3). Give s(g).
-5
Suppose -3*q - 2 = -2*q. Let t be q/4 + 18/4. Let b(g) be the second derivative of g**5/20 - 5*g**4/12 + g**3/3 - 2*g**2 + 3*g - 9. Calculate b(t).
-12
Let p(y) = y**2 + 5*y + 6. Let t(g) = -3*g + 15. Let b(f) = -10*f + 44. Let x(d) = 2*b(d) - 7*t(d). Let j be x(12). What is p(j)?
6
Let w be (-4 + (-88)/(-20) + 0)*10. Suppose -2*r - 8 = w*p + p, -4*r + 28 = -p. Let q(g) = 0 - 5*g + g**2 + 5 + 3. Calculate q(r).
14
Let p(r) = -r**2 + 27*r - 170. Let n be p(17). Let o(w) = -w - 3. Give o(n).
-3
Suppose 3*j = -2*o - 2, 29 = -5*o + 9. Let h(s) be the first derivative of s**3/3 - s**2/2 - 2*s + 2. Determine h(j).
0
Let f(i) = -15 - 13*i + 21 + 10*i - 7 - i**2. Calculate f(-4).
-5
Let d(q) = -322 + 108 + 4*q + 105 + 108 - q**2. Suppose -2*x = -1 - 5. What is d(x)?
2
Suppose -7 - 8 = 5*y. Let t(b) = b**3 + 3*b**2 + 3*b - 3. What is t(y)?
-12
Suppose -2*o - 286 = -13*o. Let n be (27 - o)/(0 + -1). Let m(b) = -12*b + 1. What is m(n)?
13
Let u(t) = 2*t. Let f(a) = -a**2 + 3*a. Let z(j) = -f(j) + 2*u(j). Suppose -3*s - 30 = x, 19 = -5*s + 3*x - 31. Let c be 2/s - 3/(-15). Determine z(c).
0
Suppose -4*k - 3*a + 